t of j?
9
What is the ten thousands digit of -129*1018/(-9) - ((-40)/15 - -4)?
1
Suppose -5*u + 5 = 0, 101 = -a + 6*a - 4*u. Suppose a*q = -3*q + 5520. What is the units digit of q?
0
Let g = -32 - -29. Let k(z) be the first derivative of -109*z**2/2 - 24*z - 179. What is the tens digit of k(g)?
0
Suppose 5*i + 4*g - 7755 = 0, -g = i + 4*i - 7740. Suppose -i = -3*l - 5*j, -2*l - 4*j - 527 = -3*l. Suppose -7*x + l + 48 = 0. What is the units digit of x?
1
Suppose 279 = -4*n + 3*g - 2778, n + 770 = -5*g. Let h = n - -1311. What is the units digit of h?
6
What is the tens digit of (187/(-33))/((-34)/131070)?
4
Suppose 3*z + h = -620, 2*z = -z - 5*h - 628. Let s(u) = 4*u**2 - 52*u + 10. Let m be s(12). Let t = m - z. What is the hundreds digit of t?
1
Let z = 27 - 24. Suppose -z*h + 6*h = -0*h. Suppose 3*t - 191 - 73 = h. What is the tens digit of t?
8
Let a(p) = -5*p**2 + 99*p + 20. Let l be a(20). Suppose -6*c + 577 - 139 = l. What is the tens digit of c?
7
Let t(m) be the second derivative of m**4/4 + 3*m**3/2 - 17*m**2/2 + 53*m. What is the units digit of t(2)?
3
Let s be 2/(12/(-2)) - (-3735)/27. Let x = s - -507. What is the tens digit of x?
4
Suppose -2*f + 4*d + 17133 = 413, -4*f - d = -33458. What is the hundreds digit of f?
3
Let y = 46 - 39. Let g(k) = -4*k + y + 35*k - 9*k. What is the tens digit of g(3)?
7
Let a(c) = c - 26. Let r be a(30). Suppose -5*f + 281 = r*w + 100, 2*f + 5*w - 86 = 0. Suppose o + o + 5*v - 11 = 0, f = 3*o + 2*v. What is the tens digit of o?
1
Let q = -71 - -65. Let d(c) = -c**2. Let p(j) = 6*j**2 + 8*j - 12. Let i(v) = 2*d(v) + p(v). What is the tens digit of i(q)?
8
Suppose 0 = 3*x - 4008 - 741. Let k = x + -1004. Suppose c = 4*c - k. What is the hundreds digit of c?
1
Suppose -5*x + 10 + 10 = 0, 0 = 3*r + 4*x - 70. Suppose 3*o - 24 = -r. Suppose o*g = -4*j + 6*g + 188, 0 = -5*g. What is the tens digit of j?
4
Let t be (-6)/15 - 60/(-25). Suppose -4*w - t*q = -86, 0 = w - 2*w + 2*q + 29. What is the tens digit of w?
2
Let d be (-19)/(-2) - 3/(-6). Let q(j) = -11*j - 30. Let u(o) = -9*o - 29. Let v(p) = 5*q(p) - 6*u(p). What is the tens digit of v(d)?
1
Let b(n) = -38*n**2 + 12*n + 2. Let p(f) = -40*f**2 + 13*f + 4. Let a(h) = -6*b(h) + 5*p(h). What is the tens digit of a(3)?
3
Suppose 0 = -2*q + 4*u + 40, 2*u + 0*u - 4 = 0. Suppose 5*t = t - q. What is the tens digit of 9/t - (-166)/4?
4
Let a(q) = q**2 - 3*q + 5. Let z be a(3). Suppose 0 = -l - 3*l - 5*t - 9, -4*t = z*l. What is the units digit of l + -5 - -2*39?
7
Suppose -5*n + 5*q = -33235, 28*n + 19939 = 31*n - 5*q. What is the tens digit of n?
4
Suppose -1308649 - 4537583 = -534*i. What is the units digit of i?
8
Suppose 8*k - 11*k = -3. Let u(b) = -2*b**3 - 2*b + 1. Let j be u(k). What is the hundreds digit of -3 + j*905/(-15)?
1
Suppose 0 = 7*d - 16*d + 63. Let c be -4*(-4)/8*1. What is the tens digit of c/d + 570/14?
4
Let j = 116 - 116. Suppose -w - 3*w + i + 423 = j, -3*w = 3*i - 306. What is the hundreds digit of w?
1
Let z(a) = a**2 - 11*a - 5. Let x be z(10). What is the units digit of (-1203)/((x/2)/5) - 1?
1
Let g(f) = 5*f**2 + 3*f + 8 + 0*f**2 + 3*f + 5*f. What is the hundreds digit of g(5)?
1
Let f be (-2)/(-4)*53*2. Let z = 215 + f. Suppose -l = -2*a - z, 2*l - 175 = -5*a + 379. What is the tens digit of l?
7
Let b(r) = -r**3 + 3*r**2 + r - 3. Suppose 5*o - 6*o = -2. Let v be b(o). What is the units digit of 2740/15 - ((-4)/v + 1)?
3
Suppose -4*k = -255 + 151. Suppose -27630 = -k*q - 4*q. What is the hundreds digit of q?
9
Let r be (0 - (-2 + 2) - 0)/1. Suppose 5*v + z - 5885 = r, -5*v - 3*z = -4054 - 1841. Suppose 2*l + 6*l - v = 0. What is the tens digit of l?
4
Let g(y) = 53*y**2 - 17*y - 24. What is the tens digit of g(-9)?
2
Suppose -26*i = -23*i - 27*i + 293280. What is the units digit of i?
0
Suppose -3*h + 34323 = 250*u - 247*u, -4*h + 45728 = -2*u. What is the hundreds digit of h?
4
What is the hundreds digit of -20 + -13 + 15792/2?
8
Suppose 0 = 7*z - 4 - 17. Let n be (0 + -1)*z/(6/70). What is the units digit of ((-5)/n)/((-2)/(-36))*7?
8
Let k(w) = -458*w - 469. What is the tens digit of k(-9)?
5
Let c(u) = -51*u + 38. Let i(z) = 17*z - 13. Let d(a) = -2*c(a) - 7*i(a). Let t(j) = -18*j + 15. Let m(f) = -3*d(f) + 2*t(f). What is the units digit of m(4)?
5
Suppose 0 = -0*y - 5*y - 5, -4*a = -2*y - 146. Suppose a = j - 11. Let m = 90 - j. What is the units digit of m?
3
Suppose 30*x + 116 = 34*x. Let s = x + -23. Suppose -12*k + s*k + 186 = 0. What is the units digit of k?
1
Let w(o) = 4*o + 49. Let u be w(-10). Let p(i) = 18*i - 34. What is the units digit of p(u)?
8
Suppose 2*g - 29 + 61 = 0. What is the tens digit of 35/15 - g/(-12) - -484?
8
What is the thousands digit of (60/4)/3 + 740348/28?
6
Let s(q) = 451*q + 635. What is the tens digit of s(6)?
4
Suppose -d + 0*d = -3*g - 30, 15 = 5*d. What is the thousands digit of 1089 + (-9)/(-3)*(g - -8)?
1
What is the thousands digit of (-14 + (-176)/(-12))/(2/27801)?
9
Let z(w) = 59*w**2 - 7*w - 6. Let b be z(-1). Suppose 0 = 3*u + l - b, 0 = 3*u - l + 6 - 60. What is the units digit of u?
9
Suppose 4*b + 3*k = 18708, -2*b + 5*b = -k + 14031. Suppose 7*a - b = 2071. Suppose -197*w + a = -193*w. What is the units digit of w?
1
Let a(v) = -2*v**2 - 98*v - 94. Let w be a(-48). Let p(s) = -5*s - 6. Let m(h) = -h - 1. Let g(j) = -6*m(j) + p(j). What is the units digit of g(w)?
2
Let x(p) = 13*p**3 - 8*p**2 + 3*p + 26. Let r(o) = -27*o**3 + 17*o**2 - 6*o - 51. Let k(h) = -6*r(h) - 13*x(h). What is the tens digit of k(-6)?
7
Suppose 6*l + 27 = 279. What is the units digit of 16944/l + 3/(-7)?
3
Suppose -669656 = -50*k - 147256. Suppose -7*u + 59 = -k. What is the thousands digit of u?
1
Let q(o) = 1 - o**2 - 10*o + 5 + 3*o**2 - 1 + 3*o**3. Let b(f) = 4*f**3 + 2*f**2 - 11*f + 5. Let p(a) = 2*b(a) - 3*q(a). What is the tens digit of p(-5)?
3
Suppose 3*u - 2*s = 4, 0 = 3*u - 4*s + s - 9. Let n(p) = -4*p**2 - 2*p - 5. Let r be n(u). Let q = 56 + r. What is the units digit of q?
9
Let m(r) be the third derivative of -r**5/20 - 53*r**4/12 + 10*r**3 - 3*r**2 - 40*r. What is the units digit of m(-35)?
5
Let o(v) = -16 + 17*v - 10*v + 18*v. Let m be o(5). Let b = -24 + m. What is the units digit of b?
5
Let f(q) = 86*q**2 + 4722*q + 11. What is the units digit of f(-55)?
1
Suppose 0 = -2*z + 3*o + 57 + 26, 3*z = 2*o + 137. Let p(b) = 1 - 4 - z*b - 1 - 6. What is the hundreds digit of p(-3)?
1
Let r(q) = q + 2. Let o(p) = 39*p + 9. Let c(u) = o(u) - 6*r(u). Let y(t) = -t**2 + 11*t + 2. Let i be y(11). What is the tens digit of c(i)?
6
Suppose -3*n + 5*s + 247 = 0, -3*n = -7*n - 5*s + 376. Let p = n + -91. What is the units digit of (-8)/(-1) - 1*(-6 - p)?
2
Let v(p) be the first derivative of -p + 73/2*p**2 - 9. What is the units digit of v(1)?
2
Let f(q) = 2*q**3 + 9*q**2 - 2*q + 21. Let t be f(-5). What is the tens digit of 222/4*18/(t - -3)?
1
What is the units digit of 4*-281*((-120)/(-9))/((-8)/12)?
0
What is the hundreds digit of 93267/(-3 + 12) - -11?
3
Let j(h) be the first derivative of h**2 + 81*h - 29. What is the hundreds digit of j(19)?
1
Let x(l) = 3*l**2 + 2*l - 3. Let r be (30/(-9))/((-8)/3 - -2). Let j be x(r). Let v = 99 - j. What is the tens digit of v?
1
Let k(n) = 12*n**3 - 16*n**2 - 17*n + 193. What is the thousands digit of k(16)?
4
Let r = 1862 + 2400. What is the units digit of r?
2
Let g = 36407 - 19677. What is the units digit of g?
0
Suppose 2*x + 1628 = -9*x. Let a = -142 - x. Suppose -a*w = -8*w - 3*k + 210, -20 = 5*k. What is the units digit of w?
1
Suppose -b - 12*s + 16*s + 1197 = 0, 5*b - s = 5909. Let x = b + -288. What is the units digit of x?
3
What is the tens digit of 5937 + 10 + -4 + (-2 - 4)?
3
Let x(a) = 920*a + 13 - 930*a - a**3 - 26*a**2 - 1. Let j be -1 + -25 + 0 + 0. What is the tens digit of x(j)?
7
Let q(w) be the first derivative of 8*w**2 - 7*w - 763. Let p(l) = l**2 - 8*l - 2. Let t be p(9). What is the units digit of q(t)?
5
Let p(n) = -48*n**3 + 4*n**2 + 7*n - 6. Let x(l) = -l**2. Let a(d) = -p(d) - 6*x(d). What is the units digit of a(1)?
9
Let o be 14 - (3 + -1) - (-14 - -14). Suppose o*j = 17*j - 2335. What is the units digit of j?
7
Suppose -3*m - 4 = -2*o, -5*o = 3*m - 9 - 1. Suppose 2*s + 22 = -2*z - 2*s, 5*z + 31 = -o*s. Let d(j) = 2*j*